{"id":27,"date":"2019-10-19T14:29:20","date_gmt":"2019-10-19T12:29:20","guid":{"rendered":"https:\/\/new.montek.cz\/?page_id=27"},"modified":"2021-09-10T11:32:51","modified_gmt":"2021-09-10T09:32:51","slug":"akcni-produkty-2019","status":"publish","type":"page","link":"https:\/\/www.montek.cz\/index.php\/akcni-produkty-2019\/","title":{"rendered":"Akce H\u00d6RMANN 2021"},"content":{"rendered":"<figure style=\"width: 1920px\" class=\"wp-caption alignleft\"><a href=\"https:\/\/ep.hormann.cz\/sekcni-garazova-vrata\/\"><img loading=\"lazy\" decoding=\"async\" class=\"size-medium\" src=\"https:\/\/www.hormann.cz\/fileadmin\/user_upload\/Milieubild-Garagentore.jpg\" width=\"1920\" height=\"768\"><\/a><figcaption class=\"wp-caption-text\">Nab\u00eddka se otev\u0159e v nov\u00e9m okn\u011b po kliknut\u00ed na obr\u00e1zek<\/figcaption><\/figure>\n","protected":false},"excerpt":{"rendered":"","protected":false},"author":1,"featured_media":0,"parent":0,"menu_order":0,"comment_status":"closed","ping_status":"closed","template":"","meta":{"_monsterinsights_skip_tracking":false,"_monsterinsights_sitenote_active":false,"_monsterinsights_sitenote_note":"","_monsterinsights_sitenote_category":0,"ngg_post_thumbnail":0,"footnotes":""},"class_list":["post-27","page","type-page","status-publish","hentry"],"_links":{"self":[{"href":"https:\/\/www.montek.cz\/index.php\/wp-json\/wp\/v2\/pages\/27","targetHints":{"allow":["GET"]}}],"collection":[{"href":"https:\/\/www.montek.cz\/index.php\/wp-json\/wp\/v2\/pages"}],"about":[{"href":"https:\/\/www.montek.cz\/index.php\/wp-json\/wp\/v2\/types\/page"}],"author":[{"embeddable":true,"href":"https:\/\/www.montek.cz\/index.php\/wp-json\/wp\/v2\/users\/1"}],"replies":[{"embeddable":true,"href":"https:\/\/www.montek.cz\/index.php\/wp-json\/wp\/v2\/comments?post=27"}],"version-history":[{"count":17,"href":"https:\/\/www.montek.cz\/index.php\/wp-json\/wp\/v2\/pages\/27\/revisions"}],"predecessor-version":[{"id":215,"href":"https:\/\/www.montek.cz\/index.php\/wp-json\/wp\/v2\/pages\/27\/revisions\/215"}],"wp:attachment":[{"href":"https:\/\/www.montek.cz\/index.php\/wp-json\/wp\/v2\/media?parent=27"}],"curies":[{"name":"wp","href":"https:\/\/api.w.org\/{rel}","templated":true}]}}